ctors of r?
2, 19
Suppose -13*w + 11968 = -15072. What are the prime factors of w?
2, 5, 13
Let f = -1747 + 2208. What are the prime factors of f?
461
Suppose -40 = 81*q - 86*q. List the prime factors of 2/(-4)*q - -135.
131
Suppose 2*m - 5 - 9 = 0. Let t = -5 + m. Suppose 2 = t*v - v. List the prime factors of v.
2
Suppose -7*v + 12170 = -2*v - d, 5*v - 12200 = -5*d. What are the prime factors of v?
5, 487
Suppose 2*b + 5*d + 20 = 3*b, 5*b + 3*d + 12 = 0. Suppose 0 = j - 2*p - 9, 2*j + 4*p = -5 - 1. Suppose b = -7*f + j*f + 280. List the prime factors of f.
2, 5, 7
Let z be -34*(-1)/9 + 20/90. Suppose z*q = 4*o - 888, 5*q + 46 = o - 168. List the prime factors of o.
2, 7
Let c(x) = x**2 - 5*x - 9. Let q be c(7). Suppose 3*m + q*r = 293, -4*r = -m - r + 79. List the prime factors of m.
7, 13
Suppose -47 = -4*k - 79. What are the prime factors of (3540/k)/(-5)*(-8)/(-12)?
59
Suppose 3*g + 8 = 7*g, 2114 = 4*x + 5*g. List the prime factors of x.
2, 263
Let i = -36 + 36. Suppose 8*y - 35 - 1429 = i. What are the prime factors of y?
3, 61
Let u = 30 - 18. Suppose u*r = 14*r - 4. What are the prime factors of r + -1 - (0 - 7)?
2
Suppose -16*r + 10*r + 504 = 0. List the prime factors of r.
2, 3, 7
Let i = 73 + 75. Suppose -i = o - 2*o - 5*h, 4*h - 16 = 0. List the prime factors of o.
2
Let b = -28 - -26. List the prime factors of 1157/(-26)*(b + 0).
89
Let k = 5 + 265. Suppose 2*v - 4*d = k, 0*v - 441 = -3*v - 3*d. What are the prime factors of v?
11, 13
Let x = 615 + -266. What are the prime factors of x?
349
Let o = 52 + -45. Suppose -3*w - 20 = 4*z, -z + 4*w = -3*z - 10. Let v = o - z. List the prime factors of v.
2, 3
Let x = -99 + 99. Suppose -4*g - 631 + 1655 = x. What are the prime factors of g?
2
Let a = -5 + -10. Let v be 3/a + 676/(-20). What are the prime factors of ((-5)/(-10))/((-1)/v)?
17
Let t be ((-5)/10)/((-1)/8). Let m be (4/4 - -67) + t. Let q = m + -23. What are the prime factors of q?
7
Let t(p) = 4*p - 11. Let w = -9 + 4. Let s(v) = 3*v - 12. Let m(r) = w*s(r) + 4*t(r). What are the prime factors of m(0)?
2
List the prime factors of 14/(-5 - 2) - (-1 + -1199).
2, 599
What are the prime factors of (-80)/(-32) - (-6561)/6?
2, 137
Suppose 5*t = -5*g + 5505, 2*g = -7*t + 12*t + 2167. What are the prime factors of g?
2, 137
Suppose 198 = 2*b - 2*k, 0*b - 101 = -b + 3*k. List the prime factors of b.
2, 7
Suppose -4*u = 4*g - 5248, 0 = -6*g + 2*g + 4*u + 5272. List the prime factors of g.
5, 263
Let d = -815 + 1610. What are the prime factors of d?
3, 5, 53
Suppose i + 4*i = 3*o + 17, 2*i = o + 7. Suppose -i*s = -f - 332, 61 = s + 2*f - 31. What are the prime factors of s?
2, 3, 7
Let f = 448 - 212. List the prime factors of f.
2, 59
Suppose 6*j - 3*j - 4*u - 2343 = 0, -3*j - 4*u + 2367 = 0. List the prime factors of j.
5, 157
Suppose 0 = 4*q + 4 - 12, -5*f + 1417 = q. Let j = f - 152. What are the prime factors of j?
131
Let b = 579 - -255. What are the prime factors of b?
2, 3, 139
Suppose 0 = 195*d - 207*d + 13356. List the prime factors of d.
3, 7, 53
Suppose -5 = 3*y + 31. Let r be (-1397)/(-66) - (-2)/y. Let w = r - 17. What are the prime factors of w?
2
Let z be 8/(-6) - 5/(-15). What are the prime factors of -23*(1 - (-3 - z))*-1?
3, 23
Suppose 2266 + 1073 = 9*c. Let a = c - 222. List the prime factors of a.
149
Let c(z) = z**2 + z - 174. Let v be c(0). Let g = v - -329. What are the prime factors of g?
5, 31
Suppose -h = -5*p - 160, 2*h - 181 - 139 = 2*p. Suppose -4*o + 2*u = -76 - 212, 2*o - h = 5*u. What are the prime factors of o?
2, 5, 7
Let z be 6*(8/(-44) + 17/33). Suppose z*m - 194 + 6 = -2*a, -4*m + 390 = -3*a. List the prime factors of m.
2, 3
Suppose 5*l - 743 = -2*d, -l - 5*d + 70 = -74. List the prime factors of l.
149
Let t = -36 + 36. Suppose -4*w = -3*w - 5. Suppose t = -w*l + 256 - 46. What are the prime factors of l?
2, 3, 7
Suppose -2*i + 45 = i. Suppose -g + 6 = 14. Let z = i + g. What are the prime factors of z?
7
List the prime factors of (1 - 30579/(-6))*50/125.
2039
Let k be 396/27 - (-4)/(-6). Let p = k + -12. List the prime factors of -3*44/(-6) - p.
2, 5
Suppose 0 = -5*t - b - 65, -5*t + 2*b + 2*b = 40. What are the prime factors of 2/(-4) + (-5 - 1110/t)?
3, 29
Let i(d) = d**2 + 7*d - 13. Let l be i(-9). Suppose -20 = -l*a + 5. Suppose 0 = -q + 5*g + 14 + 6, 0 = -a*q - 2*g + 100. What are the prime factors of q?
2, 5
Suppose -3*r - 35 = -10*r. Let l(s) = 3*s**2 - 3*s - 4. What are the prime factors of l(r)?
2, 7
What are the prime factors of ((-63)/28)/((18/(-1360))/3)?
2, 3, 5, 17
Let m be 14 - (2 - (-15)/(-5)). Let d = m - -6. List the prime factors of d.
3, 7
Let f(a) = -2*a**3 - 14*a**2 - 61*a - 21. List the prime factors of f(-10).
29, 41
Let r(h) = -h**2 + 15*h - 13. Let p be r(13). Suppose 0 = 15*w - p*w - 4. What are the prime factors of 405/(-30)*w/(-3)?
3
Let n(t) = 2*t - 1. Let h be n(2). Suppose -r + 368 = h*r. Suppose 3*o - 5*o + r = 3*x, 2*o + 76 = 3*x. What are the prime factors of x?
2, 7
Let k(i) = i**3 + 5. Let f be k(0). Let j(v) = -v**3 + 6*v**2 + 2*v - 4. Let h be j(f). Suppose -s = -5, -3*u + 5*s + h = -u. What are the prime factors of u?
2, 7
Let h(r) = 29*r - 1. Let i be h(2). Suppose 3*z = -3, 5*z = -k + 155 - i. List the prime factors of k.
103
Let p(d) be the third derivative of 23*d**5/60 - d**4/8 + d**3/2 + 2*d**2 + 25*d. Let q be ((-1)/(-3))/(1/3). What are the prime factors of p(q)?
23
Let r = 463 + -245. List the prime factors of r.
2, 109
Suppose 0 = -l + 5*d + 51, 2*d + 121 = -5*l + 430. What are the prime factors of l?
61
Let l(h) = 2*h**2 - 16*h + 7. List the prime factors of l(14).
5, 7
Suppose 0 = 2*i - 2221 - 4763. Suppose 16*o + 2*o - i = 0. What are the prime factors of o?
2, 97
Let j(o) = -o**3 - 9*o**2 + 11*o + 10. Let s be j(-10). List the prime factors of s - 2/(-1)*13.
2, 13
List the prime factors of (1 + 1)*(-68289)/(-78).
17, 103
Let w = -74 + 66. List the prime factors of w/(-40) - 1658/(-10).
2, 83
Let r = -407 - -1298. What are the prime factors of r?
3, 11
Let n = -254 + 589. Suppose -2*i - 344 = -3*t, 0 = -4*t - 3*i + 101 + n. List the prime factors of (9 - 5) + t/2.
2, 3, 5
Let d(g) = 2*g**2 - 2*g. Let y be d(2). Let i(z) = 0*z**2 - 6 + 5 - 4*z + y*z**2. What are the prime factors of i(4)?
47
Suppose -5*u = -3*q - 19, -q - 2*u = -9 - 3. Suppose 0 = -2*k + 5*n + 47 + 2, -q*n = 4*k - 38. What are the prime factors of k?
2, 3
Let u(w) = 2*w + 24. Let p(s) = 13*s**3 + s**2 - 3*s + 2. Let t be p(1). What are the prime factors of u(t)?
2, 5
Let k = -1581 - -4179. What are the prime factors of k?
2, 3, 433
Suppose 41*h = 45*h + 152. Let l = 55 + h. What are the prime factors of l?
17
Let x = -1203 + 4507. What are the prime factors of x?
2, 7, 59
Let t = 24 - -103. Let z = -70 + t. What are the prime factors of z?
3, 19
Let d be (-6 - -10) + -157*1. Let h = d - -221. List the prime factors of h.
2, 17
Suppose 3*u = -s - 2*u + 76, u - 356 = -5*s. List the prime factors of s.
71
Suppose -3*l = 51 - 9. Let j be ((-4)/6)/(l/399). Suppose -h + j = -12. List the prime factors of h.
31
Let c(z) = -z**3 - 22*z**2 - 31*z + 8. Let b be c(-20). Let o = b + 445. What are the prime factors of o?
3, 7, 13
List the prime factors of 788/(0 + 2) - (-500)/(-100).
389
Let o(g) = 3*g**2 - 4*g - 109. What are the prime factors of o(-13)?
2, 3, 5
Let l(p) be the first derivative of -p**4/4 - 2*p**3 + p**2/2 - 7*p + 3. List the prime factors of l(-7).
5, 7
Suppose 9 = -3*i, 3*g + 4*i - 618 = -2*g. Let p be (-6)/15 - (-8285)/25. Suppose -5*k - g = -p. List the prime factors of k.
41
Let s be ((-14)/4)/((-16)/64). Let d(i) = -16 - 6*i**2 + i**3 - 7*i**2 - i - 9*i. List the prime factors of d(s).
2, 5
What are the prime factors of (4 + 3 + 276 + -2)/1?
281
What are the prime factors of (-1 + 0)/((-29)/24070)?
2, 5, 83
Let l(y) = y**3 + 3*y**2 - 9*y + 18. What are the prime factors of l(7)?
5, 89
Let i(k) = -k**2 + 3*k + 25. Let t(z) = z**2 - z + 3. Let w be t(2). What are the prime factors of i(w)?
3, 5
Let j be 10/(6 + -1) - 36/2. Let v = 0 - j. List the prime factors of v.
2
Suppose 0 = -t + 13*b - 17*b + 133, 0 = -t + 2*b + 157. List the prime factors of t.
149
Suppose -2*o = 3*v - 1124, -o + 4*o = -5*v + 1874. What are the prime factors of v?
2, 47
Suppose -4*f + 2*r + 7